54. Let t be i(4). Let x(l) = -8*l**3 - 11*l**2 - 25*l - 5. Is x(t) a composite number?
True
Let j(b) = -63*b**3 + 22*b**2 + 110*b + 9. Is j(-6) a composite number?
True
Let m(v) = -33*v**3 + 7*v**2 + 105*v + 952. Is m(-9) composite?
False
Suppose 667*d + 21 = 668*d. Is (-17596)/(-6) - (-7)/d a composite number?
True
Let t(f) be the second derivative of -7*f**4/12 - f**3/6 + 3*f**2/2 - 2*f. Let a be t(-3). Is (3*a/(-36))/(1/4) prime?
True
Suppose -26*f + 24*f + 4 = 0. Suppose -4*b = -f*i + 20, 0 = -2*i + 5*b + 14 + 9. Suppose -i*n + 2 = -2, 3*p + n = 382. Is p composite?
False
Suppose -4052 + 779040 = 2*p + 5*c, 3*p - 2*c - 1162539 = 0. Is p composite?
False
Suppose 2*v - 12*c = -8*c + 10, 5*c - 55 = -5*v. Suppose 17665 = v*z - 23636. Is z a composite number?
True
Let i be 3/4 - (-95)/(-20). Let b(t) = 2*t**2 + 4*t - 11. Let a be b(i). Suppose a*j - 7049 = -1714. Is j prime?
False
Suppose -4*c - 2*g + 704 = -3*g, -179 = -c + g. Suppose 172*j + 318 = c*j. Is j prime?
False
Let p be (32 - -1) + 2 + 0. Suppose 5*s - p = -2*n - 0*n, -4*n = -3*s - 5. Suppose 5*w + s*o + 0*o = 1260, 0 = -5*o + 5. Is w composite?
False
Let l = 213 + -208. Let c(o) = 251*o + 36. Is c(l) composite?
False
Let d be (-1 + 0)*2 - 12. Suppose -4*f - 2*i = 408, i - 200 = 2*f - 0*f. Let g = d - f. Is g composite?
True
Let k = 3763 + -2304. Suppose -s + 932 = -k. Is s/(-4 + 4 - -3) a composite number?
False
Let z be (4/(-14))/((-13)/364). Let y be (-12)/z + (-52)/(-8). Suppose -4*w - 5*k + 776 + 2045 = 0, 2*w + y*k - 1403 = 0. Is w prime?
True
Suppose 0 = 27*t + 87170 - 774104. Suppose 7*z + 3721 - t = 0. Is z a composite number?
True
Let a(u) = 2*u - 2. Let q be a(-1). Let k be ((-15)/10)/(2/q). Suppose 0 = -3*b - 3*m + 684, -k*b + 2*m - 254 = -913. Is b a prime number?
True
Suppose 0 = 2*v - p - 8, -v + 0*p + 1 = -2*p. Suppose -3087 = -13*w + 12*w - 2*g, v*w + 3*g - 15428 = 0. Is w a composite number?
True
Let l be 2/(6*3/936). Suppose 100*f + 31092 = l*f. Is f a prime number?
False
Let s = 410 + -403. Suppose 5*w + 3976 = l, 0 = s*l - 12*l - 5*w + 20030. Is l composite?
False
Suppose 0 = -k - 2*s + 12, 0 = 3*k - k + 5*s - 20. Is (-40)/k - ((-3426)/(-1))/(-2) prime?
False
Is (-77)/(-7) + ((-2164392)/(-6) - -6) a prime number?
True
Let f(j) be the second derivative of j**5/4 + j**4/4 - 35*j**3/6 + 5*j**2/2 - 7*j - 3. Is f(10) prime?
False
Suppose -665702 - 788943 = -4*w + 3*x, 4*w - 1454639 = x. Is w a prime number?
True
Let g be ((-28)/(-21))/((-8)/(-6)). Suppose -3*z = 3334 + 695. Is (g + (3 - 5))*z a composite number?
True
Suppose 0 = 133*s - 147277233 - 2681198. Is s prime?
True
Let h(y) = -53 + 28 + 26 + 93*y. Let u be h(1). Is u + 1 + -3 + 1 prime?
False
Suppose 0 = -83*u + 86*u - 18. Suppose -u = 14*o - 17*o. Suppose -2*p + o*j + 1296 = 0, 1959 + 1284 = 5*p - 2*j. Is p a prime number?
False
Let k(x) = -3 + 0*x**2 - 6 - 5*x**3 - 3*x + x**2 + 3. Let t be k(-3). Suppose i - t = 64. Is i prime?
True
Let c(v) be the second derivative of -21*v**5/20 - 4*v**4/3 - 7*v**3/6 + 31*v**2/2 + 9*v + 12. Is c(-10) composite?
False
Suppose -104*q + 4094036 + 7771827 = 580095. Is q a prime number?
True
Let f(w) = w**3 + 3*w**2 - 3. Let m(s) = -2*s**2 - 4*s - 3. Let k be m(-2). Let l be f(k). Is 141*l/(9/(-13)) a composite number?
True
Is (11633/(-2))/(4818/220 + -22) prime?
False
Suppose -20*t - 9*t + 6130 = -19*t. Is t a prime number?
True
Let y be ((-2)/(-5))/(1*1/(-665)). Let a = y + 735. Is a prime?
False
Let h(l) = -190*l**2 - 3*l + 5. Let i be h(-7). Let w = -5283 - i. Is w prime?
True
Suppose 2*s = -0*s - 132. Let r be (-1 - (-6)/8) + s/(-8). Suppose 0 = 9*y - r*y - 191. Is y composite?
False
Suppose 2*i + 4935 = 9*i. Let s = 295 + -64. Suppose 2*n + 3*o = 5*n - i, -n - o + s = 0. Is n composite?
False
Let v = -7 + 533. Suppose 3*x = -f - x - 285, x + 300 = -f. Let p = f + v. Is p composite?
True
Let o(n) = -5*n - 120. Let r be o(-24). Suppose r = 11*h - 12*h + 4817. Is h composite?
False
Let l(a) be the second derivative of 2531*a**5/20 - a**4/12 - a**3/3 + a**2 + 13*a. Let s be l(1). Let u = s + -239. Is u a prime number?
False
Let v = -8424 + 16045. Is v a composite number?
False
Suppose -19*f = -18*f - 5, 5*f = -4*h + 1324589. Is h a prime number?
True
Let u(b) = 78290*b**3 - 2*b**2 + 20*b - 19. Is u(1) prime?
False
Is 764663/1 - (-447 + 447) a prime number?
False
Let u(w) = -w**3 + 2*w**2 - 3*w + 2. Let l be u(3). Let z be 30/135 + l/(-9). Suppose 0 = 6*q - 3*q + 5*a - 928, z*q - 620 = -2*a. Is q prime?
True
Suppose 0 = -k - 5*p - 56733 + 192542, 2*k - p = 271618. Is k composite?
True
Suppose -12*x + 4472 = -88. Suppose 6*v = 5*v - i + x, -3*i = 2*v - 758. Is v a composite number?
True
Suppose -15 = 7*g - 12*g. Suppose -4*t = -4*y + 3021 + 2099, -y = -g*t - 1270. Let w = y + -903. Is w a prime number?
False
Let o(g) = g**2 + 11*g + 7. Let s be o(-11). Is (-6)/1 + s - -130 a prime number?
True
Let h(l) = 202*l + 4597. Is h(150) a composite number?
False
Let d = -77 - -89. Let i be d/3 - (-3 - -7). Suppose 4*h - 2257 + 677 = i. Is h a composite number?
True
Suppose 0 = 26*q - 8130 - 1594. Let n = q - 160. Is n a prime number?
False
Let r(a) = 2*a + 138. Let f(y) = y + 46. Let u(m) = 7*f(m) - 2*r(m). Let i be u(-14). Is ((-66123)/(-6))/9 - (-6)/i a composite number?
True
Let q(z) = 169*z - 112. Let s(v) = -424*v + 282. Let r(y) = 12*q(y) + 5*s(y). Let h be (1*2)/(1/(-8)). Is r(h) a prime number?
False
Let k(d) = 9*d**2 + 17*d - 29. Suppose 0 = -5*o - 2*b + 217, 0 = -o - o - 3*b + 89. Suppose o + 62 = -7*p. Is k(p) prime?
True
Let p = 46 - 47. Let r(k) = -4845*k**3 + 5*k**2 + 2*k - 1. Is r(p) composite?
True
Is 1/(-3)*83146275/(-75) composite?
False
Suppose 0*d - 1248568 - 350001 = -23*d. Is d composite?
True
Suppose 44 + 11 = 5*c. Suppose -4*s = -27 + c. Is 554 + s/4 - (2 + -4) a composite number?
False
Suppose 5*f - 4*o = 72077, 106*f = 104*f + 5*o + 28824. Is f composite?
True
Let m be 4066*(-8)/((-128)/40). Let i = 1696 + m. Is i composite?
True
Let z = 2 - 4. Let a be 2827/1 + z/((-6)/(-9)). Let g = a - 1463. Is g prime?
True
Suppose 7*z = 6*z + 20320. Suppose 2*v + 8*v = z. Is 2 - ((-2)/6 + v/(-6)) prime?
False
Let d = -548 + -160. Is (0 + d/8)*(3 + -5) a prime number?
False
Let i = -83 - -86. Suppose -v + 2544 = -2*f - 2761, i*f = -v + 5315. Is v prime?
True
Let q = -170 + 286. Is -26 - -29 - q/(-1) prime?
False
Suppose 99*r - 40878 - 200385 = 0. Is r a composite number?
False
Let m = 2685 - 1208. Suppose 14*c = 7*c + m. Is c composite?
False
Is 27589 + (1 - 4) + 72/8 a composite number?
True
Suppose 777034 = d + 2*k + 3815, 0 = -4*d + 3*k + 3092810. Is d prime?
True
Let t = 101 - 103. Is 11838/t*60/(-36) a prime number?
False
Let l(a) = 84*a - 4*a**3 + 5*a**2 - 11 + 3*a**2 - 73*a. Is l(-8) a prime number?
False
Let t be -8*(-5)/(-10)*-1. Let x be (t + -4)/(1 - 2). Suppose x = 4*f - 0*f - 1828. Is f a composite number?
False
Is 12982018/(-8)*4/(-7) prime?
True
Suppose -3*j - 4*v = -296571, 2*j + 4*v - 104622 - 93100 = 0. Is j a prime number?
True
Suppose 41*w - 100067 = 7*w + 1590447. Is w a composite number?
True
Suppose -220 = -0*y - 2*y. Suppose 5*w = -k - 0*k + 261, 2*w - y = k. Let b = w + 1604. Is b prime?
True
Let c be (132/16 + -8)*227044. Suppose 2*p - 62891 = -3*s - 6126, 4*p - c = -3*s. Is s prime?
False
Let p(l) = 34*l - 530. Let h be p(16). Suppose -h*q + 46558 = 3900. Is q a prime number?
False
Let h(a) = -a - 46. Let l be h(18). Let w = -64 - l. Suppose -3*i + 1041 - 48 = w. Is i composite?
False
Let r(v) = v**3 + 15*v**2 + 4*v + 63. Let t be r(-15). Suppose t*g = w + 20234, 4*g - 2*w - 31665 + 4683 = 0. Is g composite?
True
Suppose 3*b - 989181 = 7*l, -3*l - 591361 = -3*b + 397796. Is b a composite number?
True
Let h = -94 - -114. Let r(n) = 4*n - 3. Is r(h) a composite number?
True
Let b(a) = -237*a**3 + 13 + 483*a**3 - 212*a**3 - 5*a**2 - a - 5*a**2. Is b(6) composite?
False
Let v(x) be the third derivative of 0 - 15*x**2 + 1/8*x**4 + 0*x + 694/15*x**5 - 1/3*x**3. Is v(1) composite?
False
Suppose -2*y + 2*i = -134, 0 = -2*y - 2*i + 58 + 84. Let r be (-408)/(-69) - (-6)/y. Suppose r*u = 550 + 1964. Is u prime?
True
Let x(y) = 11*y + 63. Let p be x(0). Suppose 0 = -p*b + 61*b + 26386. Is b a prime number?
False
Let w be -6*(-2)/(-8)*10/(-3). Suppose -